**3/3 - u**2. Calculate the remainder when 18 is divided by d(9).
3
Let g(k) = k**3 - 5*k**2 - 6*k - 6. Let t be g(6). Let p = 14 + t. Calculate the remainder when 14 is divided by p.
6
Let l(a) = a**3 - 5*a**2 - 5*a - 4. Let q be (16/(-4))/((-4)/6). What is the remainder when 4 is divided by l(q)?
0
What is the remainder when 24 is divided by 10 - 2*(-9)/6?
11
Suppose 5*q = r - 56, 4*q + 124 = 3*r - 0*q. Calculate the remainder when 105 is divided by r.
33
Let h(v) = -21*v**3 + 2*v**2 - 2*v + 1. Let k be h(1). Let g = k - -33. What is the remainder when g is divided by 2/4 + 18/4?
3
Suppose 5*s + 5*c = 267 - 82, 4*s = -c + 136. Let x(u) = -u**3 + 14*u**2 + 16*u - 6. Calculate the remainder when s is divided by x(15).
6
Let y be 0 + (-3 - (2 - 0)). Let d(w) = w**3 + 4*w**2 - 6*w + 5. What is the remainder when 19 is divided by d(y)?
9
Let p = 167 + -72. What is the remainder when p is divided by 24?
23
Suppose 2*a = a - 2*c + 29, 5*a + c = 136. What is the remainder when 77 is divided by a?
23
Let f = 87 - 53. What is the remainder when f is divided by 9?
7
What is the remainder when (18/8)/((-1)/(-12)) is divided by 14?
13
Let z(j) = j**2 + 2*j - 7. Let g = -1 + 7. What is the remainder when z(-7) is divided by g?
4
Let u(c) = c**2 + 9*c - 25. Let x = 19 + -4. Calculate the remainder when u(-13) is divided by x.
12
Calculate the remainder when 27 is divided by -1 + (7/1 - 1).
2
Suppose 4 = -d + 15. Calculate the remainder when 6/(-18)*(-57 + 0) is divided by d.
8
Suppose -2*q + 20 + 10 = 0. Let c = 327 + -268. What is the remainder when c is divided by q?
14
Calculate the remainder when -2*(1 - 3) - -17 is divided by 11.
10
Let s(i) = -i**3 - 8*i**2 - 11*i - 10. Let x be s(-7). Let j = -6 + x. What is the remainder when j is divided by 7?
5
Let o = 2 + 0. Suppose -5*k + 128 = v, 0*v = 4*v + o*k - 494. Suppose v = 2*y + 19. What is the remainder when y is divided by 18?
16
Let v = -182 - -208. What is the remainder when v is divided by 11?
4
Let p = -32 + 35. What is the remainder when p is divided by 3?
0
Suppose -331 - 309 = -4*n - 4*j, -495 = -3*n + 2*j. What is the remainder when n is divided by 33?
31
Let n(l) = -23*l**3 - 4*l**2 - 3*l - 1. Calculate the remainder when n(-1) is divided by 8.
5
Suppose 4*j - 14 = -2*t + t, 5*j = -4*t + 56. What is the remainder when 40 is divided by t?
12
Let s(i) = 2*i + 17. Let l be s(8). Let t = l + -26. What is the remainder when 17 is divided by t?
3
Let f(q) = 2*q - 4. Let g(o) = o**2 + 6*o + 5. Let z be g(-5). Suppose 3 = w - z. Calculate the remainder when f(6) is divided by w.
2
Let i(u) = 2*u**2 + 4*u + 3. Let x be i(-2). Suppose -x*t + 2*t = -38. Suppose 96 = 4*v + 16. Calculate the remainder when t is divided by v.
18
Suppose 0*x - 5*x - 5 = 0. Let z = x + 2. Calculate the remainder when 16/10 - 4/(-10) is divided by z.
0
Let w(u) = 10*u + 122. Suppose -57 = -4*l + 83. Calculate the remainder when l is divided by w(-11).
11
Suppose -f + 30 = -5. What is the remainder when f is divided by 18?
17
Suppose 5*s - 110 = -5*j, 2*j = -0*j + s + 35. Suppose -56 = -5*a + j. What is the remainder when 27 is divided by a?
12
Let i be 2/6 - 220/3. Let z = i + 108. What is the remainder when z is divided by (72/10)/(28/70)?
17
What is the remainder when 55 is divided by 8/3*(2 + 1)?
7
Let q(j) = j**3 + 9*j**2 + j - 7. What is the remainder when q(-4) is divided by 18?
15
Suppose n - 11 = -4*k + 9, -3*n + 30 = -3*k. Calculate the remainder when n is divided by 4.
0
Let h(m) = -24*m - 1. Suppose -2*b + 4*o + 0 = -16, -5*o = -b + 2. Calculate the remainder when h(-1) is divided by b.
11
Suppose -2*g - 12 = 3*t, 4 + 5 = -3*t - 3*g. Let p be (-34)/t - 6/9. Let b = 20 + p. What is the remainder when b is divided by 13?
12
What is the remainder when 165 is divided by -6*(7/1)/(-4 - -3)?
39
Suppose 5*p = 3*p + 14. Let w be -1 + p - (-2)/(-2). Let a = 11 - w. What is the remainder when 17 is divided by a?
5
Let q = 30 - 21. Let s = -20 + 44. Calculate the remainder when s is divided by q.
6
Suppose 6 = u - 4*m, -3*u + 2*m = -2*m - 58. Suppose 0 = g + z - 7, -z - 21 = -2*g - 1. What is the remainder when u is divided by g?
8
Let f = 152 + -77. Suppose 3*n = -2*n - 2*z + f, 4*n - 67 = -3*z. Calculate the remainder when n is divided by ((-112)/24)/(4/(-6)).
6
Let a be (14 + 0/(-2))/(-2). Let y = -2 - a. Calculate the remainder when y is divided by 2.
1
Suppose -4*n = -6*n. Suppose 4*w - w - 39 = n. What is the remainder when 77 is divided by w?
12
Calculate the remainder when 1*(2/8 - 507/(-4)) is divided by 26.
23
Suppose 0 = 4*i + 3*u - 84, -5*i + 29 + 103 = -3*u. Let f = 23 + i. What is the remainder when f is divided by 16?
15
Let b(g) = 4 - 5*g**2 + 0*g + 3*g + g + g**3. Suppose -2*z = 2*h - 22, 0 = 3*z + 2*h - 4 - 24. What is the remainder when z is divided by b(4)?
2
Let k(f) = 2*f**2 + 21*f - 17. What is the remainder when k(-12) is divided by 7?
5
Suppose 0 = 3*k - 2*a - 2*a - 123, 5*k - 173 = -4*a. Let w(g) = 5*g - 8. Let o be w(6). Suppose -3*x + o = -17. Calculate the remainder when k is divided by x.
11
Let a(r) = r**3 + r + 29. Suppose 0 = 4*m - 0*m. What is the remainder when 86 is divided by a(m)?
28
Suppose -4*c = -31 - 61. What is the remainder when c is divided by 12*(-2 + (-3 - -6))?
11
Suppose -77 = -3*y - 29. What is the remainder when 39 is divided by y?
7
Let h = -28 - -85. What is the remainder when h is divided by 30?
27
Let g = -4 + 7. What is the remainder when (-5 + g)/((-6)/105) is divided by 9?
8
Let f = 18 - -85. Calculate the remainder when f is divided by 21.
19
Suppose s + 86 = 2*k + 3*s, -15 = -5*s. What is the remainder when 77 is divided by k?
37
Let n be (6/10)/((-3)/15). What is the remainder when 14 is divided by -1 - ((-16)/2 - n)?
2
Let o = 123 - 9. Calculate the remainder when o is divided by 39.
36
Suppose -g + 4 = 0, g - 17 = -3*y - g. Suppose -q + 8 = -y*i - i, -i = -3*q + 24. Calculate the remainder when 23 is divided by q.
7
Let m = 11 + -8. Suppose -l - m*l = -156. Calculate the remainder when l is divided by 10.
9
Calculate the remainder when 1/((-5)/(-3))*155 is divided by 24.
21
Suppose 55 + 29 = 4*s. What is the remainder when 251 is divided by s?
20
Suppose -5*h + 24 = -1. Calculate the remainder when h is divided by 2.
1
Suppose 2*g = -3*n + 40, -2*g - n - 3*n = -40. Suppose -v - v + g = 0. Suppose -v + 4 = -3*o. Calculate the remainder when o is divided by 1.
0
Suppose 0*k = -5*k. Suppose 0 = -k*s + 2*s - 28. What is the remainder when 38 is divided by s?
10
Suppose -3*l + 110 = l + 2*r, -5*r - 102 = -3*l. Calculate the remainder when 85 is divided by l.
27
Let x = 124 + -70. What is the remainder when 268 is divided by x?
52
Let z(v) = 2*v - 6. Let h be z(7). Let p(x) = -h*x - 1 - x**2 + 2 - 1. What is the remainder when 46 is divided by p(-4)?
14
Let c = -3 - -16. What is the remainder when 35 is divided by c?
9
Suppose 2*h = h + 89. Suppose 56 = 5*n - h. What is the remainder when n + (-1 + -1 - -4) is divided by 8?
7
Suppose x - 20 = -4*x. Suppose 7*j - 2*s = 2*j + 44, x*j + 3*s = 26. Suppose 0 = 3*t + 2*t - 25. What is the remainder when j is divided by t?
3
Suppose -110 = -9*w - 2*w. Calculate the remainder when 29 is divided by w.
9
Let t(q) = q**3 - 6*q**2 - 10*q + 9. Let h be t(6). Let j = -14 - h. Calculate the remainder when j is divided by 13.
11
Let t = -2 + 8. Calculate the remainder when 10 is divided by t.
4
What is the remainder when 164 - 5/1*22/55 is divided by 15?
12
Suppose 0 + 14 = 2*y. What is the remainder when 13 is divided by y?
6
What is the remainder when 25 is divided by (-4)/24 - 170/(-12)?
11
Let t(z) = -z**2 + 10*z - 3. Let b(s) = 8*s**3 - 1. Let v be b(1). What is the remainder when 53 is divided by t(v)?
17
Calculate the remainder when (27/(-18))/(6/(-172)) is divided by 15.
13
Let i(u) = u + 84. Let x(r) = r + 14. Calculate the remainder when i(-31) is divided by x(0).
11
Suppose 4 = -u + 3*w, -2*w + 9 = 4*u - 17. Suppose -4*c + 18 + 98 = u*s, 36 = 2*s - c. What is the remainder when s is divided by 7?
6
Let j = 71 - 26. Let o = -23 + j. What is the remainder when 6/(-15) - (-644)/10 is divided by o?
20
Suppose i + 2*i - 9 = 0. Suppose 9 + i = 3*n. Let k = -2 + 13. Calculate the remainder when k is divided by n.
3
Let p = 12